{"id":25,"date":"2025-07-17T10:34:07","date_gmt":"2025-07-17T10:34:07","guid":{"rendered":"https:\/\/gumerclaramuntehijos.es\/?page_id=25"},"modified":"2025-09-22T14:49:41","modified_gmt":"2025-09-22T14:49:41","slug":"productos","status":"publish","type":"page","link":"https:\/\/gumerclaramuntehijos.es\/?page_id=25","title":{"rendered":"Productos"},"content":{"rendered":"\t\t<div data-elementor-type=\"wp-page\" data-elementor-id=\"25\" class=\"elementor elementor-25\" data-elementor-settings=\"{&quot;ha_cmc_init_switcher&quot;:&quot;no&quot;}\" data-elementor-post-type=\"page\">\n\t\t\t\t<div class=\"elementor-element elementor-element-516ab02 e-flex e-con-boxed e-con e-parent\" data-id=\"516ab02\" data-element_type=\"container\" data-settings=\"{&quot;background_background&quot;:&quot;classic&quot;,&quot;_ha_eqh_enable&quot;:false}\">\n\t\t\t\t\t<div class=\"e-con-inner\">\n\t\t<div class=\"elementor-element elementor-element-8aff8c1 e-con-full e-flex e-con e-child\" data-id=\"8aff8c1\" data-element_type=\"container\" data-settings=\"{&quot;_ha_eqh_enable&quot;:false}\">\n\t\t<div class=\"elementor-element elementor-element-3937b24 e-con-full e-flex elementor-invisible e-con e-child\" data-id=\"3937b24\" data-element_type=\"container\" data-settings=\"{&quot;background_background&quot;:&quot;classic&quot;,&quot;animation&quot;:&quot;fadeInLeft&quot;,&quot;_ha_eqh_enable&quot;:false}\">\n\t\t\t\t<div class=\"elementor-element elementor-element-c2110f4 elementor-widget elementor-widget-heading\" data-id=\"c2110f4\" data-element_type=\"widget\" data-widget_type=\"heading.default\">\n\t\t\t\t\t<h2 class=\"elementor-heading-title elementor-size-default\">Productos que no te puedes perder<\/h2>\t\t\t\t<\/div>\n\t\t\t\t<div class=\"elementor-element elementor-element-94856d1 elementor-widget elementor-widget-text-editor\" data-id=\"94856d1\" data-element_type=\"widget\" data-widget_type=\"text-editor.default\">\n\t\t\t\t\t\t\t\t\t<p>En Gumer Claramunt confiamos al 100% en nuestros proveedores y en la calidad de sus productos. Por eso compartimos contigo nuestras recomendaciones para que tus cultivos crezcan fuertes y sanos<\/p>\t\t\t\t\t\t\t\t<\/div>\n\t\t\t\t<div class=\"elementor-element elementor-element-d74e9a5 card-btn elementor-widget-mobile__width-initial elementor-widget elementor-widget-ha-creative-button happy-addon ha-creative-button\" data-id=\"d74e9a5\" data-element_type=\"widget\" data-widget_type=\"ha-creative-button.default\">\n\t\t\t\t\t\t\t<div data-magnetic=\"no\" class=\"ha-creative-btn-wrap\">\n\t\t\t<a class=\"ha-creative-btn ha-stl--hermosa ha-eft--exploit\" href=\"https:\/\/gumerclaramuntehijos.es\/?page_id=27\" rel=\"nofollow\"><span>\u00bfAlguna duda?<\/span><\/a>\n\t\t<\/div>\t\t\t\t<\/div>\n\t\t\t\t<\/div>\n\t\t\t\t<\/div>\n\t\t<div class=\"elementor-element elementor-element-b39cded e-con-full e-flex e-con e-child\" data-id=\"b39cded\" data-element_type=\"container\" data-settings=\"{&quot;_ha_eqh_enable&quot;:false}\">\n\t\t\t\t<\/div>\n\t\t\t\t\t<\/div>\n\t\t\t\t<\/div>\n\t\t<div class=\"elementor-element elementor-element-c6ad891 e-flex e-con-boxed e-con e-parent\" data-id=\"c6ad891\" data-element_type=\"container\" data-settings=\"{&quot;_ha_eqh_enable&quot;:false}\">\n\t\t\t\t\t<div class=\"e-con-inner\">\n\t\t<div class=\"elementor-element elementor-element-019410b e-con-full e-flex elementor-invisible e-con e-child\" data-id=\"019410b\" data-element_type=\"container\" data-settings=\"{&quot;animation&quot;:&quot;fadeIn&quot;,&quot;_ha_eqh_enable&quot;:false}\">\n\t\t<div class=\"elementor-element elementor-element-f7059eb e-con-full e-flex e-con e-child\" data-id=\"f7059eb\" data-element_type=\"container\" data-settings=\"{&quot;background_background&quot;:&quot;classic&quot;,&quot;_ha_eqh_enable&quot;:false}\">\n\t\t\t\t<\/div>\n\t\t<div class=\"elementor-element elementor-element-d7763e8 e-con-full e-flex e-con e-child\" data-id=\"d7763e8\" data-element_type=\"container\" data-settings=\"{&quot;_ha_eqh_enable&quot;:false}\">\n\t\t\t\t<div class=\"elementor-element elementor-element-4707826 elementor-widget elementor-widget-heading\" data-id=\"4707826\" data-element_type=\"widget\" data-widget_type=\"heading.default\">\n\t\t\t\t\t<h2 class=\"elementor-heading-title elementor-size-default\">Biosmart<\/h2>\t\t\t\t<\/div>\n\t\t\t\t<div class=\"elementor-element elementor-element-e9b584d elementor-widget elementor-widget-text-editor\" data-id=\"e9b584d\" data-element_type=\"widget\" data-widget_type=\"text-editor.default\">\n\t\t\t\t\t\t\t\t\t<p class=\"text-justify\"><strong>Biosmart<sup>\u00ae\u00a0<\/sup><\/strong>es un bioestimuante compuesto por una amplia gama de compuestos org\u00e1nicos, amino\u00e1cidos y metabolitos fermentados por la levadura y f\u00e1cilmente disponibles.<\/p><p class=\"text-justify\">Su aplicaci\u00f3n proporciona m\u00faltiples beneficios:<\/p><ul><li>Estimula el metabolismo de las plantas que incluyen una respuesta gen\u00e9tica, metab\u00f3lica, celular y fisiol\u00f3gica para mantener la actividad del cultivo.<\/li><li>Optimiza la floraci\u00f3n y mejora el cuajado del fruto.<\/li><li>Ayuda a superar el impacto de los peligros clim\u00e1ticos en los cultivos (variaci\u00f3n de temperatura, sequ\u00eda, etc.).<\/li><\/ul><p class=\"text-justify\"><strong>Es un producto certificado en agricultura ecol\u00f3gica por ECOCERT.<\/strong><\/p>\t\t\t\t\t\t\t\t<\/div>\n\t\t\t\t<div class=\"elementor-element elementor-element-1fd462b elementor-widget elementor-widget-ha-creative-button happy-addon ha-creative-button\" data-id=\"1fd462b\" data-element_type=\"widget\" id=\"cta-duda\" data-widget_type=\"ha-creative-button.default\">\n\t\t\t\t\t\t\t<div data-magnetic=\"no\" class=\"ha-creative-btn-wrap\">\n\t\t\t<a class=\"ha-creative-btn ha-stl--hermosa ha-eft--exploit\" href=\"https:\/\/gumerclaramuntehijos.es\/?page_id=27\" rel=\"nofollow\"><span>\u00bfAlguna duda?<\/span><\/a>\n\t\t<\/div>\t\t\t\t<\/div>\n\t\t\t\t<\/div>\n\t\t\t\t<\/div>\n\t\t\t\t\t<\/div>\n\t\t\t\t<\/div>\n\t\t<div class=\"elementor-element elementor-element-45935a4 e-flex e-con-boxed e-con e-parent\" data-id=\"45935a4\" data-element_type=\"container\" data-settings=\"{&quot;_ha_eqh_enable&quot;:false}\">\n\t\t\t\t\t<div class=\"e-con-inner\">\n\t\t<div class=\"elementor-element elementor-element-be12d91 e-con-full e-flex elementor-invisible e-con e-child\" data-id=\"be12d91\" data-element_type=\"container\" data-settings=\"{&quot;animation&quot;:&quot;fadeIn&quot;,&quot;_ha_eqh_enable&quot;:false}\">\n\t\t<div class=\"elementor-element elementor-element-18ef7a2 e-con-full e-flex e-con e-child\" data-id=\"18ef7a2\" data-element_type=\"container\" data-settings=\"{&quot;_ha_eqh_enable&quot;:false}\">\n\t\t<div class=\"elementor-element elementor-element-b286089 e-con-full elementor-hidden-desktop elementor-hidden-laptop elementor-hidden-tablet e-flex e-con e-child\" data-id=\"b286089\" data-element_type=\"container\" data-settings=\"{&quot;background_background&quot;:&quot;classic&quot;,&quot;_ha_eqh_enable&quot;:false}\">\n\t\t\t\t<\/div>\n\t\t\t\t<div class=\"elementor-element elementor-element-3021f13 elementor-widget elementor-widget-heading\" data-id=\"3021f13\" data-element_type=\"widget\" data-widget_type=\"heading.default\">\n\t\t\t\t\t<h2 class=\"elementor-heading-title elementor-size-default\">Mizusan<\/h2>\t\t\t\t<\/div>\n\t\t\t\t<div class=\"elementor-element elementor-element-ddc187e elementor-widget elementor-widget-text-editor\" data-id=\"ddc187e\" data-element_type=\"widget\" data-widget_type=\"text-editor.default\">\n\t\t\t\t\t\t\t\t\t<div class=\"wpb_text_column wpb_content_element vc_custom_1726612104024\"><div class=\"wpb_wrapper\"><p><strong>Formulaci\u00f3n l\u00edquida soluble<\/strong> conteniendo sales de f\u00f3sforo sinergizadas con tensioactivos. Act\u00faa como <strong>regulador de pH<\/strong>, reductor de la tensi\u00f3n superficial (favoreciendo los fen\u00f3menos de humectaci\u00f3n) y antiespumante de los productos fitosanitarios, siempre que en las mezclas intervengan aguas alcalinas, adem\u00e1s de su acci\u00f3n como fertilizante.<\/p><ul><li>\u00a0Los tensioactivos mejoran la adherencia y el mojado; aumenta la penetraci\u00f3n y por tanto la eficacia de los tratamientos.<\/li><li>\u00a0Desespuma los caldos de tratamiento.<\/li><li>\u00a0Efecto fertilizante.<\/li><li>\u00a0Regulariza el pH aumentando la efectividad del tratamiento.<\/li><li>Evita la hidrolisis alcalina evitando la degradaci\u00f3n de los principios activos.<\/li><\/ul><\/div><\/div>\t\t\t\t\t\t\t\t<\/div>\n\t\t\t\t<div class=\"elementor-element elementor-element-b0bf38b elementor-widget elementor-widget-ha-creative-button happy-addon ha-creative-button\" data-id=\"b0bf38b\" data-element_type=\"widget\" data-widget_type=\"ha-creative-button.default\">\n\t\t\t\t\t\t\t<div data-magnetic=\"no\" class=\"ha-creative-btn-wrap\">\n\t\t\t<a class=\"ha-creative-btn ha-stl--hermosa ha-eft--exploit\" href=\"https:\/\/gumerclaramuntehijos.es\/?page_id=27\" rel=\"nofollow\"><span>\u00bfAlguna duda?<\/span><\/a>\n\t\t<\/div>\t\t\t\t<\/div>\n\t\t\t\t<\/div>\n\t\t<div class=\"elementor-element elementor-element-e631020 e-con-full elementor-hidden-mobile e-flex e-con e-child\" data-id=\"e631020\" data-element_type=\"container\" data-settings=\"{&quot;background_background&quot;:&quot;classic&quot;,&quot;_ha_eqh_enable&quot;:false}\">\n\t\t\t\t<\/div>\n\t\t\t\t<\/div>\n\t\t\t\t\t<\/div>\n\t\t\t\t<\/div>\n\t\t<div class=\"elementor-element elementor-element-9ac6c6d productos-extra-1 e-flex e-con-boxed e-con e-parent\" data-id=\"9ac6c6d\" data-element_type=\"container\" data-settings=\"{&quot;_ha_eqh_enable&quot;:false}\">\n\t\t\t\t\t<div class=\"e-con-inner\">\n\t\t<div class=\"elementor-element elementor-element-ce0f6f0 e-con-full e-flex elementor-invisible e-con e-child\" data-id=\"ce0f6f0\" data-element_type=\"container\" data-settings=\"{&quot;animation&quot;:&quot;fadeIn&quot;,&quot;_ha_eqh_enable&quot;:false}\">\n\t\t<div class=\"elementor-element elementor-element-c295c72 e-con-full e-flex e-con e-child\" data-id=\"c295c72\" data-element_type=\"container\" data-settings=\"{&quot;background_background&quot;:&quot;classic&quot;,&quot;_ha_eqh_enable&quot;:false}\">\n\t\t\t\t<\/div>\n\t\t<div class=\"elementor-element elementor-element-e2bbbff e-con-full e-flex e-con e-child\" data-id=\"e2bbbff\" data-element_type=\"container\" data-settings=\"{&quot;_ha_eqh_enable&quot;:false}\">\n\t\t\t\t<div class=\"elementor-element elementor-element-7bf346a elementor-widget elementor-widget-heading\" data-id=\"7bf346a\" data-element_type=\"widget\" data-widget_type=\"heading.default\">\n\t\t\t\t\t<h2 class=\"elementor-heading-title elementor-size-default\">Brevis<\/h2>\t\t\t\t<\/div>\n\t\t\t\t<div class=\"elementor-element elementor-element-e3a548f elementor-widget elementor-widget-text-editor\" data-id=\"e3a548f\" data-element_type=\"widget\" data-widget_type=\"text-editor.default\">\n\t\t\t\t\t\t\t\t\t<div class=\"wpb_text_column wpb_content_element vc_custom_1726612104024\"><div class=\"wpb_wrapper\"><p><b>Regulador del crecimiento que reduce el coste del aclareo manual y permite frutos de m\u00e1s calibre.<\/b><\/p><p>Antes de utilizar el producto l\u00e9ase detenidamente la etiqueta. Uso reservado para agricultores y aplicadores profesionales.<\/p><p>Inscrito en el R.O.P.M.F con el n\u00ba ES-00073<\/p><p>ADAMA Agricultura Espa\u00f1a, S.A.<\/p><p>C\/ Ramir\u00edrez de Arellano N\u00ba29-2\u00aa<\/p><p>28043 MADRID &#8211; TEL:91 585 23 80<\/p><\/div><\/div>\t\t\t\t\t\t\t\t<\/div>\n\t\t\t\t<div class=\"elementor-element elementor-element-b47a045 elementor-widget elementor-widget-ha-creative-button happy-addon ha-creative-button\" data-id=\"b47a045\" data-element_type=\"widget\" data-widget_type=\"ha-creative-button.default\">\n\t\t\t\t\t\t\t<div data-magnetic=\"no\" class=\"ha-creative-btn-wrap\">\n\t\t\t<a class=\"ha-creative-btn ha-stl--hermosa ha-eft--exploit\" href=\"https:\/\/gumerclaramuntehijos.es\/?page_id=27\" rel=\"nofollow\"><span>\u00bfAlguna duda?<\/span><\/a>\n\t\t<\/div>\t\t\t\t<\/div>\n\t\t\t\t<\/div>\n\t\t\t\t<\/div>\n\t\t<div class=\"elementor-element elementor-element-c9b6c5b e-con-full e-flex elementor-invisible e-con e-child\" data-id=\"c9b6c5b\" data-element_type=\"container\" data-settings=\"{&quot;animation&quot;:&quot;fadeIn&quot;,&quot;_ha_eqh_enable&quot;:false}\">\n\t\t<div class=\"elementor-element elementor-element-74e7eea e-con-full e-flex e-con e-child\" data-id=\"74e7eea\" data-element_type=\"container\" data-settings=\"{&quot;_ha_eqh_enable&quot;:false}\">\n\t\t<div class=\"elementor-element elementor-element-efdc6c9 e-con-full elementor-hidden-desktop elementor-hidden-laptop elementor-hidden-tablet e-flex e-con e-child\" data-id=\"efdc6c9\" data-element_type=\"container\" data-settings=\"{&quot;background_background&quot;:&quot;classic&quot;,&quot;_ha_eqh_enable&quot;:false}\">\n\t\t\t\t<\/div>\n\t\t\t\t<div class=\"elementor-element elementor-element-25a2a17 elementor-widget elementor-widget-heading\" data-id=\"25a2a17\" data-element_type=\"widget\" data-widget_type=\"heading.default\">\n\t\t\t\t\t<h2 class=\"elementor-heading-title elementor-size-default\">Electis CX<\/h2>\t\t\t\t<\/div>\n\t\t\t\t<div class=\"elementor-element elementor-element-a64155e elementor-widget elementor-widget-text-editor\" data-id=\"a64155e\" data-element_type=\"widget\" data-widget_type=\"text-editor.default\">\n\t\t\t\t\t\t\t\t\t<div class=\"wpb_text_column wpb_content_element vc_custom_1726612104024\"><div class=\"wpb_wrapper\"><p><strong>ELECTIS\u00ae CX<\/strong> en un fungicida muy selectivo contra los hongos oomicetos compuesto por dos ingredientes activos: la zoxamida con capacidad cerapenetrante y el cimoxanilo con efecto translaminar.<\/p><p><strong>Zoxamida<\/strong> posee un modo de acci\u00f3n \u00fanico dentro de los fungicidas, una excelente capacidad cerapenetrante confiri\u00e9ndole alta resistencia al lavado y persistencia. Adem\u00e1s, zoxamida presenta un fuerte efecto sin\u00e9rgico cuando se combina con otras materias activas.<\/p><p><strong>ELECTIS\u00ae CX<\/strong> posee un efecto notable antiesporulante, una excelente resistencia al lavado y es capaz de estimular las defensas de la planta.<\/p><p><strong>ELECTIS\u00ae CX<\/strong> presenta muy baja toxicidad en mam\u00edferos y muy bajo impacto sobre la fauna y flora \u00fatil lo que se traduce en una mayor protecci\u00f3n del medioambiente.<\/p><\/div><\/div>\t\t\t\t\t\t\t\t<\/div>\n\t\t\t\t<div class=\"elementor-element elementor-element-3a3d517 elementor-widget elementor-widget-ha-creative-button happy-addon ha-creative-button\" data-id=\"3a3d517\" data-element_type=\"widget\" data-widget_type=\"ha-creative-button.default\">\n\t\t\t\t\t\t\t<div data-magnetic=\"no\" class=\"ha-creative-btn-wrap\">\n\t\t\t<a class=\"ha-creative-btn ha-stl--hermosa ha-eft--exploit\" href=\"https:\/\/gumerclaramuntehijos.es\/?page_id=27\" rel=\"nofollow\"><span>\u00bfAlguna duda?<\/span><\/a>\n\t\t<\/div>\t\t\t\t<\/div>\n\t\t\t\t<\/div>\n\t\t<div class=\"elementor-element elementor-element-36548e7 e-con-full elementor-hidden-mobile e-flex e-con e-child\" data-id=\"36548e7\" data-element_type=\"container\" data-settings=\"{&quot;background_background&quot;:&quot;classic&quot;,&quot;_ha_eqh_enable&quot;:false}\">\n\t\t\t\t<\/div>\n\t\t\t\t<\/div>\n\t\t\t\t\t<\/div>\n\t\t\t\t<\/div>\n\t\t\t\t<\/div>\n\t\t","protected":false},"excerpt":{"rendered":"<p>Productos que no te puedes perder En Gumer Claramunt confiamos al 100% en nuestros proveedores y en la calidad de sus productos. Por eso compartimos contigo nuestras recomendaciones para que tus cultivos crezcan fuertes y sanos \u00bfAlguna duda? Biosmart Biosmart\u00ae\u00a0es un bioestimuante compuesto por una amplia gama de compuestos org\u00e1nicos, amino\u00e1cidos y metabolitos fermentados por [&hellip;]<\/p>\n","protected":false},"author":2,"featured_media":0,"parent":0,"menu_order":0,"comment_status":"closed","ping_status":"closed","template":"","meta":{"footnotes":""},"class_list":["post-25","page","type-page","status-publish","hentry"],"_links":{"self":[{"href":"https:\/\/gumerclaramuntehijos.es\/index.php?rest_route=\/wp\/v2\/pages\/25","targetHints":{"allow":["GET"]}}],"collection":[{"href":"https:\/\/gumerclaramuntehijos.es\/index.php?rest_route=\/wp\/v2\/pages"}],"about":[{"href":"https:\/\/gumerclaramuntehijos.es\/index.php?rest_route=\/wp\/v2\/types\/page"}],"author":[{"embeddable":true,"href":"https:\/\/gumerclaramuntehijos.es\/index.php?rest_route=\/wp\/v2\/users\/2"}],"replies":[{"embeddable":true,"href":"https:\/\/gumerclaramuntehijos.es\/index.php?rest_route=%2Fwp%2Fv2%2Fcomments&post=25"}],"version-history":[{"count":82,"href":"https:\/\/gumerclaramuntehijos.es\/index.php?rest_route=\/wp\/v2\/pages\/25\/revisions"}],"predecessor-version":[{"id":1137,"href":"https:\/\/gumerclaramuntehijos.es\/index.php?rest_route=\/wp\/v2\/pages\/25\/revisions\/1137"}],"wp:attachment":[{"href":"https:\/\/gumerclaramuntehijos.es\/index.php?rest_route=%2Fwp%2Fv2%2Fmedia&parent=25"}],"curies":[{"name":"wp","href":"https:\/\/api.w.org\/{rel}","templated":true}]}}